hat is the hundreds digit of 137649?
6
What is the tens digit of 303539?
3
What is the hundreds digit of 5216690?
6
What is the thousands digit of 319237?
9
What is the tens digit of 6255960?
6
What is the ten thousands digit of 2156786?
5
What is the ten thousands digit of 4399054?
9
What is the units digit of 402257?
7
What is the units digit of 199384?
4
What is the thousands digit of 9922895?
2
What is the hundred thousands digit of 1666504?
6
What is the ten thousands digit of 1178983?
7
What is the ten thousands digit of 3282433?
8
What is the thousands digit of 1609?
1
What is the tens digit of 32353?
5
What is the ten thousands digit of 388398?
8
What is the millions digit of 2446769?
2
What is the hundred thousands digit of 969356?
9
What is the hundred thousands digit of 17992520?
9
What is the thousands digit of 361957?
1
What is the millions digit of 34699820?
4
What is the hundreds digit of 12893457?
4
What is the tens digit of 11813?
1
What is the units digit of 186322?
2
What is the units digit of 1101412?
2
What is the ten thousands digit of 10139097?
3
What is the tens digit of 126697?
9
What is the millions digit of 1280134?
1
What is the thousands digit of 30327?
0
What is the millions digit of 2780067?
2
What is the ten thousands digit of 385653?
8
What is the ten thousands digit of 11613522?
1
What is the thousands digit of 2573038?
3
What is the tens digit of 2625405?
0
What is the ten thousands digit of 1757302?
5
What is the ten thousands digit of 1291974?
9
What is the millions digit of 8427671?
8
What is the hundred thousands digit of 3454061?
4
What is the units digit of 135872?
2
What is the units digit of 28459612?
2
What is the hundred thousands digit of 133750?
1
What is the tens digit of 2570251?
5
What is the thousands digit of 384803?
4
What is the units digit of 1720322?
2
What is the ten thousands digit of 201424?
0
What is the hundreds digit of 13097926?
9
What is the thousands digit of 64320?
4
What is the units digit of 19964?
4
What is the units digit of 486806?
6
What is the units digit of 123982?
2
What is the thousands digit of 335936?
5
What is the units digit of 2623815?
5
What is the ten thousands digit of 110024?
1
What is the tens digit of 2170507?
0
What is the units digit of 120158?
8
What is the thousands digit of 19750109?
0
What is the hundred thousands digit of 390369?
3
What is the hundred thousands digit of 679242?
6
What is the hundreds digit of 92297?
2
What is the tens digit of 3517515?
1
What is the hundreds digit of 5252130?
1
What is the ten thousands digit of 10078?
1
What is the units digit of 39113?
3
What is the tens digit of 2987511?
1
What is the hundreds digit of 203049?
0
What is the millions digit of 17861631?
7
What is the millions digit of 22769243?
2
What is the units digit of 1228823?
3
What is the ten thousands digit of 408771?
0
What is the ten thousands digit of 556127?
5
What is the hundred thousands digit of 16251825?
2
What is the tens digit of 168765?
6
What is the hundreds digit of 578072?
0
What is the hundred thousands digit of 606401?
6
What is the tens digit of 786540?
4
What is the hundreds digit of 1040288?
2
What is the ten thousands digit of 37246476?
4
What is the thousands digit of 288529?
8
What is the ten thousands digit of 862316?
6
What is the tens digit of 1727332?
3
What is the units digit of 2455913?
3
What is the hundreds digit of 429619?
6
What is the thousands digit of 657534?
7
What is the units digit of 156653?
3
What is the units digit of 2675384?
4
What is the units digit of 7593432?
2
What is the units digit of 3444609?
9
What is the units digit of 165811?
1
What is the units digit of 2112361?
1
What is the hundreds digit of 2034987?
9
What is the hundreds digit of 205107?
1
What is the ten thousands digit of 215539?
1
What is the units digit of 224828?
8
What is the ten millions digit of 16637718?
1
What is the millions digit of 24894354?
4
What is the thousands digit of 648916?
8
What is the hundred thousands digit of 1037185?
0
What is the thousands digit of 200564?
0
What is the units digit of 4172127?
7
What is the tens digit of 1966180?
8
What is the ten thousands digit of 770328?
7
What is the hundreds digit of 35759?
7
What is the ten thousands digit of 23980073?
8
What is the hundred thousands digit of 597419?
5
What is the millions digit of 5257595?
5
What is the ten thousands digit of 1649093?
4
What is the thousands digit of 218593?
8
What is the hundreds digit of 993029?
0
What is the tens digit of 4846962?
6
What is the tens digit of 460312?
1
What is the hundreds digit of 1460620?
6
What is the units digit of 41203?
3
What is the ten thousands digit of 30058575?
5
What is the hundreds digit of 4910342?
3
What is the tens digit of 57373?
7
What is the units digit of 386348?
8
What is the hundred thousands digit of 9921498?
9
What is the tens digit of 5966981?
8
What is the ten thousands digit of 368546?
6
What is the thousands digit of 2301102?
1
What is the tens digit of 224883?
8
What is the thousands digit of 4368441?
8
What is the hundreds digit of 1895522?
5
What is the units digit of 10088290?
0
What is the thousands digit of 1429149?
9
What is the thousands digit of 2518721?
8
What is the ten thousands digit of 118275?
1
What is the thousands digit of 94209?
4
What is the tens digit of 97583?
8
What is the hundreds digit of 7321471?
4
What is the thousands digit of 988158?
8
What is the units digit of 2220384?
4
What is the hundred thousands digit of 776659?
7
What is the tens digit of 3444676?
7
What is the millions digit of 3217893?
3
What is the millions digit of 37035395?
7
What is the units digit of 3807462?
2
What is the millions digit of 4106842?
4
What is the tens digit of 170356?
5
What is the millions digit of 1805240?
1
What is the thousands digit of 2883314?
3
What is the hundreds digit of 20719386?
3
What is the tens digit of 9621801?
0
What is the hundreds digit of 88287?
2
What is the units digit of 7371270?
0
What is the ten millions digit of 12684225?
1
What is the thousands digit of 4178973?
8
What is the hundred thousands digit of 659592?
6
What is the units digit of 3309772?
2
What is the hundred thousands digit of 19075182?
0
What is the tens digit of 2874240?
4
What is the hundred thousands digit of 445286?
4
What is the millions digit of 5117926?
5
What is the hundreds digit of 725663?
6
What is the thousands digit of 13358?
3
What is the hundred thousands digit of 162849?
1
What is the units digit of 9130163?
3
What is the thousands digit of 1320204?
0
What is the millions digit of 8680734?
8
What is the tens digit of 13415485?
8
What is the thousands digit of 1745297?
5
What is the hundred thousands digit of 244895?
2
What is the units digit of 13021578?
8
What is the ten millions digit of 17617504?
1
What is the ten thousands digit of 382457?
8
What is the thousands digit of 11008765?
8
What is the tens digit of 307260?
6
What is the units digit of 173450?
0
What is the thousands digit of 604763?
4
What is the tens digit of 789467?
6
What is the units digit of 762483?
3
What is the ten thousands digit of 2766673?
6
What is the ten thousands digit of 4509521?
0
What is the thousands digit of 1198097?
8
What is the hundreds digit of 17386302?
3
What is the thousands digit of 2133547?
3
What is the tens digit of 46217?
1
What is the units digit of 569356?
6
What is the ten thousands digit of 2897700?
9
What is the thousands digit of 366776?
6
What is the ten thousands digit of 2770322?
7
What is the tens digit of 10144999?
9
What is the units digit of 14219132?
2
What is the hundreds digit of 166175?
1
What is the ten thousands digit of 10181436?
8
What is the hundreds digit of 80337?
3
What is the ten thousands digit of 707121?
0
What is the tens digit of 15222558?
5
What is the thousands digit of 6177364?
7
What is the hundreds digit of 52995?
9
What is the hundreds digit of 81302?
3
What is the tens digit of 111431?
3
What is the hundred thousands digit of 24627848?
6
What is the ten thousands digit of 1710322?
1
What is the hundred thousands digit of 316364?
3
What is the millions digit of 12620531?
2
What is the hundred thousands digit of 2869135?
8
What is the hundreds digit of 77641